 Suppose -f*j + 5*z + 56 = -636, -219 = -j + v*z. What is the tens digit of j?
3
Let n(w) = -w - 12 + 13*w + 10. Let g be n(2). Let i = 37 + g. What is the units digit of i?
9
Let t(c) = c**3 - 2*c**2 + 2. Let k be t(2). Let q be (6 + -5)*0/k. Suppose q = -m - 5*o + 85, 3*m + m = -4*o + 260. What is the tens digit of m?
6
Let u = -97 - -30. Let q be 0/1 - (u + -1). Let b = q + 15. What is the tens digit of b?
8
Suppose 8*j = 19 + 53. Let u(a) = -a**3 + 9*a**2 - a + 12. Let q be u(j). Suppose q*o - 135 = 117. What is the units digit of o?
4
Suppose -2*m + 450 = -k, k + 298 = -m - 143. Let c = k - -671. What is the hundreds digit of c?
2
Let u(m) = 13*m**3 - 3*m - 2. Suppose a - 2 = 3*a - 3*y, -4 = 4*a + 4*y. Let g be u(a). Let s = g + 22. What is the tens digit of s?
1
Let o = 4091 + -8124. Let x be (-3)/12 - o/4. Suppose -12*g + x = -60. What is the units digit of g?
9
Let a be 0/(5 + -8 + 1). Suppose -2*c + 8 + 10 = a. Suppose -1131 = -c*l + 894. What is the hundreds digit of l?
2
Suppose 0 = -w, 4*n - 3*w = 5*n + 132. Let t = n - -432. What is the hundreds digit of t?
3
Let m(z) = 522*z**3 - 72*z**2 + 72*z + 1. What is the hundreds digit of m(1)?
5
Suppose 0 = -0*o + 4*o - 1352. Suppose -9*x + 2074 + 23 = 0. Let y = o - x. What is the units digit of y?
5
Let o be (76/266)/(1/(-7)). What is the units digit of o*(-2)/((-24)/(-1842))?
7
Suppose -8*y - 8 = -24. What is the units digit of (-4*246/36)/(y/(-3))?
1
Let z(y) = 6*y - 57. Let t be z(11). Suppose -5*g = -2*w + 29, -6*g + 3*g = t. What is the units digit of w?
7
Let q = -58 + 150. Suppose -5*z - q = -7. What is the hundreds digit of (z/5 - -3)*13*-20?
1
Suppose 3*m - 83 - 5 = 2*f, -2*m + 58 = -2*f. What is the tens digit of (-11711)/(-35) + 12/m?
3
Let y(q) = q**3 - 3*q**2 + 2*q - 17. Let l be y(4). Suppose -656 = l*u - 11*u + k, 5*k = -2*u + 328. What is the tens digit of u?
6
Let k(l) = -708*l**2 - 44*l + 65. Let y(b) = -177*b**2 - 11*b + 15. Let t(w) = 2*k(w) - 9*y(w). What is the hundreds digit of t(3)?
6
What is the tens digit of 51*(-3166)/(-15) - 15/(-25)?
6
Suppose 0 = 15*g + 15976 + 3749. Let o = 2369 + g. What is the hundreds digit of o?
0
Suppose 0 = 3*w + r - 1705, -2*w + 4*w - r - 1130 = 0. Let f = 979 - w. What is the hundreds digit of f?
4
Let o = 9736 + -4593. What is the tens digit of o?
4
Suppose 22*l = 20*l + 32*l - 1395120. What is the ten thousands digit of l?
4
Let v(k) = -k**2 + 3*k - 9. Let y be v(7). Let r be 716/(-18) + 50/(-225). Let p = y - r. What is the units digit of p?
3
Let o be (-34)/(-6) - ((-24)/(-9) + -2). Let q be 10/(-35) + 6/21. Suppose 2*s - o*l - 141 = q, 3*l - 44 = -s + 32. What is the tens digit of s?
7
Suppose -6*h + 3193 - 157 = 0. Suppose -4*u + h - 66 = 0. Suppose 37 = 7*f - u. What is the units digit of f?
1
Let u = -7293 - -14101. What is the thousands digit of u?
6
Suppose 9 = 2*m + 1. Let o(h) = 35*h + 24. Let x(n) = 34*n + 25. Let a(f) = -4*o(f) + 5*x(f). What is the hundreds digit of a(m)?
1
Let z = -3507 + 7699. What is the thousands digit of z?
4
Suppose -4*n = -3*l + 2272, 3*l + 3*n - 705 = 1560. Suppose 4*v + 551 = 5*m - l, 509 = 2*m + 3*v. What is the hundreds digit of m?
2
Suppose -d - 2*g = -699, -7*d - 4*g + 2788 = -3*d. Suppose d - 4809 = -11*f. What is the hundreds digit of f?
3
Let l(g) = g**3 - 8*g**2 + 7*g. Let q be l(7). Suppose -4*h + 369 + 131 = q. What is the tens digit of (-25 - -27) + h + 0?
2
Suppose -4627 = -3*a + 2*y + 17161, 2*a = y + 14527. What is the units digit of a?
6
Let j(f) = 29*f**3 - 3*f**2 + f + 2. Let r be j(2). Suppose -1 - 9 = -2*m. Suppose -3*k = m*t - r, -t - 5*k = t - 101. What is the units digit of t?
3
Let o be (-2)/17 + 7 + (-325)/(-17). Let d(g) = -g**2 + 5*g + 9. Let n be d(6). Let p = o - n. What is the tens digit of p?
2
Suppose -2*t + 110390 = -262*w + 264*w, 2*t + 220738 = 4*w. What is the tens digit of w?
8
Let u(w) = 77*w**2 - 4*w - 3. Suppose 3*a = -4*p - 18, 6*a = 8*a - 5*p - 11. What is the units digit of u(a)?
3
Let l = 7601 + 3889. What is the hundreds digit of l?
4
Let g = 2234 - -1424. What is the hundreds digit of g?
6
Let d = -556 + 559. Suppose -d*i - 7*h = -2*h - 1616, 4*h - 16 = 0. What is the units digit of i?
2
Let x(n) = -44*n + 128. Suppose 5*p + 50 = -15. What is the tens digit of x(p)?
0
Let p(z) = z**2 - 28*z - 27. Let b(s) = 2*s**2 - 28*s - 27. Let v(w) = 3*b(w) - 4*p(w). Let o be v(-13). What is the tens digit of o/(-2) - (-222)/4?
5
Let o(u) = 92*u**2 + 11*u - 27. Let f be o(2). Suppose -7 + 27 = 5*w, 0 = 3*k + 3*w - f. What is the tens digit of k?
1
Suppose 171*m = -4*z + 173*m + 26804, 3*z - 20099 = m. What is the tens digit of z?
9
Suppose 0 = 5*p - 3*i - 308, -5*p - i + 399 - 75 = 0. Let j = -37 - -109. Let s = p + j. What is the tens digit of s?
3
Let j = -146 - -135. Let f be j/(-110) - 13902/20. What is the tens digit of ((-19)/(-4))/(5 - f/(-140))?
3
Let x(n) = 483*n + 2682. What is the tens digit of x(6)?
8
What is the units digit of (52 - 46) + 21973*1 + 8?
7
What is the hundreds digit of (179500/80)/(3/(-24)*-2)?
9
Let m(s) = -s**3 + s**2 + 4*s - 1. Let l be m(2). Suppose -4*k + 8*k - 35 = -5*z, 0 = 3*z + l. What is the units digit of 16/40 + 436/k?
4
Let z = 310 - 189. What is the units digit of (-2 - 36/(-6)) + (z - 3)?
2
Suppose z - 5*u - 64924 = 0, -61018 + 190941 = 2*z + 5*u. What is the ten thousands digit of z?
6
Let y(j) = j**3 + 22*j**2 - 52*j + 33. Let f = 123 + -120. Suppose 0 = -f*v + 6*v + 72. What is the tens digit of y(v)?
2
Suppose -6570 - 9612 = -2*a. What is the thousands digit of a?
8
Suppose 0*l = 2*l + 10. What is the tens digit of l/3*(-10)/(20/798)?
6
Let n = 137 + -91. Let p be ((-238)/(-5))/(-7)*(-10)/4. Let c = n - p. What is the units digit of c?
9
Let m = 610 - 237. Suppose 5*a = -b + 67, -a = -4*b - 0*a + m. What is the units digit of b?
2
Suppose -4*a - 4*r = -48, 5*a + r + 3*r = 56. Suppose x + x - a = 0. Suppose -4*p - 2*d + 283 = -127, x*d = -4. What is the units digit of p?
3
Let p(a) = 1 + 10*a + 7*a + 1 - 7*a. Suppose -5*n - 13 - 52 = -5*x, -2*n = 3*x - 39. What is the units digit of p(x)?
2
Let b(a) = 6*a**3 - 8*a**2 + a**3 - 9*a**3 - 2*a + 7*a**2 - 1. Let w be b(3). Let t = w - -122. What is the tens digit of t?
5
Suppose 39 + 21 = o - p, 2*p - 104 = -2*o. Suppose 4*a - o = 2*r - 140, 5*r - 5*a - 215 = 0. What is the tens digit of r?
4
Let j = -2812 - -10340. What is the tens digit of j?
2
Let y(d) = 34*d - 28. Let r be y(18). Let k = 859 - r. What is the tens digit of k?
7
Suppose -b - 3480 = -5*k - 4*b, 4*b = -5*k + 3485. Let w be 2*(-2 + 1) + 44. What is the tens digit of (-1)/(-2) + k/w?
1
Let b(o) = 3875*o**2 - 8*o - 7. What is the hundreds digit of b(-1)?
8
Let p(m) be the second derivative of -m**5/20 + m**4/2 - m**3 - 4*m**2 - 11*m. Let z be p(5). Let n = z - -32. What is the tens digit of n?
1
Let u = 309 + -309. Suppose 4*l - 4*j - 2048 = 0, 3*l - 4*j - 28 - 1509 = u. What is the hundreds digit of l?
5
Suppose 0 = 42*n - 38*n - 5*m - 25002, 0 = 3*n + 2*m - 18763. What is the hundreds digit of n?
2
Let k = 5 + 0. Suppose k*o - 986 = 3*f, 5*o - 396 = 3*o + 2*f. Suppose 0 = -l - 0*l + o. What is the tens digit of l?
9
Let m(r) = -r**3 + 6*r**2 - r + 4. Let a be m(4). Let i = 34 - a. Suppose -3*f + 0*g + 354 = i*g, 3*g = -5*f + 589. What is the units digit of f?
6
Let l = -6534 + 11551. What is the thousands digit of l?
5
Suppose 4*g + 4*u = 27500, g = -6*u - 894 + 7744. What is the tens digit of g?
8
Suppose 6 = -3*c, -6 = -5*y - 0*y - 2*c. Suppose a = -y*a - 1224. Let k = a - -591. What is the hundreds digit of k?
1
Suppose -6*d - d = 41930. What is the tens digit of 9/21 + d/(-70)?
8
Let b = -156 + 512. What is the thousands digit of (1/((-10)/b))/(22/(-770))?
1
Suppose -4*x + 204 = -2*n, -n + 3*x + 419 = -5*n. Let z be n + -1 - (4 - 7). What is the units digit of (24/(-9) - -2)*z/4?
7
Let y(z) = 8*z + 47. Let i be y(-10). What is the hundreds digit of (15994/i)/((-2)/3)?
7
Suppose -2*v + 17973 = 7*t - 6624, v = -5*t + 17571. What is the hundreds digit of t?
5
Let z = -23892 - -33609. What is the units digit of z?
7
Let y(u) be the first derivative of 121*u**3/3 - u**2/2 + 12*u - 25. Let h be y(-4). Suppose 8*j + 8*j = h. What is the units digit of j?
2
Let i(b) be the first derivative of -43*b**5/60 